{"id":718,"date":"2021-06-09T06:10:43","date_gmt":"2021-06-09T06:10:43","guid":{"rendered":"https:\/\/wedopcf.com\/wordpress-2\/?post_type=product&#038;p=718"},"modified":"2023-08-04T05:16:34","modified_gmt":"2023-08-04T05:16:34","slug":"etiqueta-tuberia-vinazas","status":"publish","type":"product","link":"https:\/\/wedopcf.com\/wordpress-2\/producto\/etiqueta-tuberia-vinazas\/","title":{"rendered":"Etiqueta tuber\u00eda Vinazas"},"content":{"rendered":"<p>Etiqueta de Vinil impresa mediante serigraf\u00eda para tuber\u00eda, en dimensiones de acuerdo a la norma oficial mexicana \u00a0NOM-026<\/p>\n<p>Nuestras etiquetas son fabricadas de a cuerdo a dos caracter\u00edsticas principales para nuestros clientes, una de ellas es la personalizaci\u00f3n o formatos existentes \u00a0y la segunda es el no ser necesario comprar rollos no muy estandarizados de acuerdo al di\u00e1metro de la tuber\u00eda ni a la altura del texto evitando desperdicios de material el cual se deja en bodega sin usar.<\/p>\n<p>resentada en diferentes tama\u00f1os con flecha de direcci\u00f3n de flujo y s\u00edmbolo de peligrosidad cuando aplique.<\/p>\n<p>Caracter\u00edsticas<\/p>\n<ul>\n<li>Material de vinil adherible de 5 a7 a\u00f1os de duraci\u00f3n.<\/li>\n<li>Tama\u00f1o especifico para di\u00e1metro de tuber\u00eda solicitado tanto en longitud de etiqueta como en las caracter\u00edsticas del texto.<\/li>\n<li>Colores verde y amarillo.<\/li>\n<li>Impresi\u00f3n en blanco para etiqueta verde y negra para etiqueta amarilla.<\/li>\n<li>Personalizable con leyendas mas extendidas.<\/li>\n<li>NO hay compra minima<\/li>\n<li>Solicita la cantidad exacta \u00a0que necesitas.<\/li>\n<\/ul>\n<p>&nbsp;<\/p>\n<p>Si no encuentra la leyenda o di\u00e1metro que necesite, cont\u00e1ctenos y le brindaremos la soluci\u00f3n adecuada.<\/p>\n<p>&nbsp;<\/p>\n<p>&nbsp;<\/p>\n<p>&nbsp;<\/p>\n","protected":false},"excerpt":{"rendered":"<p>Etiqueta de Vinil impresa mediante serigraf\u00eda para tuber\u00eda, en dimensiones de acuerdo a la norma oficial mexicana \u00a0NOM-026 Nuestras etiquetas son fabricadas de a cuerdo a dos caracter\u00edsticas principales para nuestros clientes, una de ellas es la personalizaci\u00f3n o formatos existentes \u00a0y la segunda es el no ser necesario comprar rollos no muy estandarizados de &hellip;<\/p>\n<p class=\"read-more\"> <a class=\" thunk-readmore button \" href=\"https:\/\/wedopcf.com\/wordpress-2\/producto\/etiqueta-tuberia-vinazas\/\"> <span class=\"screen-reader-text\">Etiqueta tuber\u00eda Vinazas<\/span>Leer m\u00e1s<\/a><\/p>\n","protected":false},"featured_media":1178,"comment_status":"open","ping_status":"closed","template":"","meta":[],"product_cat":[91,146],"product_tag":[161,148,166,153,158,157,154,165,163,130,159,160,164,152,149,162,151,147,155,150,156],"_links":{"self":[{"href":"https:\/\/wedopcf.com\/wordpress-2\/wp-json\/wp\/v2\/product\/718"}],"collection":[{"href":"https:\/\/wedopcf.com\/wordpress-2\/wp-json\/wp\/v2\/product"}],"about":[{"href":"https:\/\/wedopcf.com\/wordpress-2\/wp-json\/wp\/v2\/types\/product"}],"replies":[{"embeddable":true,"href":"https:\/\/wedopcf.com\/wordpress-2\/wp-json\/wp\/v2\/comments?post=718"}],"wp:featuredmedia":[{"embeddable":true,"href":"https:\/\/wedopcf.com\/wordpress-2\/wp-json\/wp\/v2\/media\/1178"}],"wp:attachment":[{"href":"https:\/\/wedopcf.com\/wordpress-2\/wp-json\/wp\/v2\/media?parent=718"}],"wp:term":[{"taxonomy":"product_cat","embeddable":true,"href":"https:\/\/wedopcf.com\/wordpress-2\/wp-json\/wp\/v2\/product_cat?post=718"},{"taxonomy":"product_tag","embeddable":true,"href":"https:\/\/wedopcf.com\/wordpress-2\/wp-json\/wp\/v2\/product_tag?post=718"}],"curies":[{"name":"wp","href":"https:\/\/api.w.org\/{rel}","templated":true}]}}