{"id":1493,"date":"2024-10-18T05:39:17","date_gmt":"2024-10-18T05:39:17","guid":{"rendered":"https:\/\/wedopcf.com\/wordpress-2\/?post_type=product&#038;p=1493"},"modified":"2024-10-18T05:56:05","modified_gmt":"2024-10-18T05:56:05","slug":"guia-podotactil","status":"publish","type":"product","link":"https:\/\/wedopcf.com\/wordpress-2\/producto\/guia-podotactil\/","title":{"rendered":"Gu\u00eda Podot\u00e1ctil"},"content":{"rendered":"<p>Gu\u00edas fabricadas en nuestro taller a base de acero inoxidable a trav\u00e9s de proceso de mecanizado de alta precisi\u00f3n.<\/p>\n<p>Dale a tu proyecto el acabado de elegancia y funcionalidad m\u00e1s atractivo del mercado.<\/p>\n<p>Consulta a nuestros expertos para asesorarte en tu proyecto.<\/p>\n","protected":false},"excerpt":{"rendered":"<p>Acero inoxidable<\/p>\n<p>Varias medidas a dispones<\/p>\n<p>Lenguetas para gu\u00eda lineal<\/p>\n<p>Puntos para cambio de direcci\u00f3n o fin de camino<\/p>\n<p>Con o sin pernos de acero inoxidable.<\/p>\n<p>&nbsp;<\/p>\n","protected":false},"featured_media":1487,"comment_status":"open","ping_status":"closed","template":"","meta":[],"product_cat":[360],"product_tag":[367,363,368,369,364,366,365],"_links":{"self":[{"href":"https:\/\/wedopcf.com\/wordpress-2\/wp-json\/wp\/v2\/product\/1493"}],"collection":[{"href":"https:\/\/wedopcf.com\/wordpress-2\/wp-json\/wp\/v2\/product"}],"about":[{"href":"https:\/\/wedopcf.com\/wordpress-2\/wp-json\/wp\/v2\/types\/product"}],"replies":[{"embeddable":true,"href":"https:\/\/wedopcf.com\/wordpress-2\/wp-json\/wp\/v2\/comments?post=1493"}],"wp:featuredmedia":[{"embeddable":true,"href":"https:\/\/wedopcf.com\/wordpress-2\/wp-json\/wp\/v2\/media\/1487"}],"wp:attachment":[{"href":"https:\/\/wedopcf.com\/wordpress-2\/wp-json\/wp\/v2\/media?parent=1493"}],"wp:term":[{"taxonomy":"product_cat","embeddable":true,"href":"https:\/\/wedopcf.com\/wordpress-2\/wp-json\/wp\/v2\/product_cat?post=1493"},{"taxonomy":"product_tag","embeddable":true,"href":"https:\/\/wedopcf.com\/wordpress-2\/wp-json\/wp\/v2\/product_tag?post=1493"}],"curies":[{"name":"wp","href":"https:\/\/api.w.org\/{rel}","templated":true}]}}